 the greatest common divisor of 196 and 13132?
196
What is the greatest common divisor of 1 and 103?
1
What is the highest common divisor of 100 and 875?
25
Calculate the highest common factor of 186 and 486.
6
What is the greatest common divisor of 536 and 3?
1
What is the highest common factor of 24 and 6294?
6
What is the greatest common divisor of 1442 and 56?
14
What is the greatest common divisor of 7 and 7?
7
What is the highest common divisor of 568 and 71?
71
Calculate the highest common divisor of 2170 and 56.
14
Calculate the highest common divisor of 360 and 540.
180
What is the greatest common factor of 20 and 5?
5
Calculate the greatest common factor of 62093 and 31.
31
What is the greatest common factor of 10074 and 690?
138
Calculate the greatest common factor of 930 and 150.
30
Calculate the greatest common divisor of 13284 and 656.
164
What is the greatest common factor of 18 and 366?
6
What is the greatest common divisor of 91 and 11102?
91
Calculate the highest common divisor of 198 and 44.
22
What is the greatest common divisor of 16 and 856?
8
Calculate the greatest common divisor of 36 and 981.
9
Calculate the highest common divisor of 216 and 1350.
54
Calculate the greatest common divisor of 33 and 561.
33
Calculate the greatest common factor of 10 and 730.
10
Calculate the greatest common divisor of 5123 and 282.
47
What is the highest common factor of 132 and 330?
66
What is the highest common factor of 208 and 32?
16
What is the highest common divisor of 1936 and 1408?
176
What is the greatest common divisor of 15 and 220?
5
Calculate the greatest common divisor of 3 and 3513.
3
What is the greatest common factor of 781 and 355?
71
Calculate the greatest common factor of 302 and 2.
2
Calculate the greatest common divisor of 1 and 17.
1
Calculate the greatest common divisor of 1547 and 1309.
119
What is the greatest common divisor of 12 and 1662?
6
Calculate the highest common factor of 864 and 600.
24
Calculate the greatest common factor of 2250 and 30.
30
Calculate the highest common divisor of 42 and 19194.
42
Calculate the highest common factor of 3649 and 82.
41
Calculate the highest common factor of 5357 and 33.
11
Calculate the greatest common factor of 236 and 30916.
236
Calculate the highest common divisor of 70 and 7.
7
What is the greatest common factor of 26 and 949?
13
Calculate the highest common divisor of 116 and 261.
29
Calculate the greatest common factor of 20 and 196.
4
What is the highest common divisor of 25 and 11075?
25
What is the highest common factor of 26 and 2?
2
Calculate the greatest common factor of 288 and 400.
16
Calculate the greatest common divisor of 198 and 36.
18
Calculate the greatest common divisor of 806 and 3286.
62
What is the greatest common factor of 176 and 48?
16
Calculate the highest common factor of 14 and 522.
2
What is the highest common factor of 3956 and 92?
92
What is the greatest common divisor of 20904 and 312?
312
What is the highest common factor of 12852 and 408?
204
Calculate the greatest common divisor of 168 and 1246.
14
What is the highest common factor of 5 and 605?
5
Calculate the highest common divisor of 650 and 450.
50
Calculate the greatest common divisor of 60 and 60.
60
What is the highest common divisor of 464 and 32?
16
What is the greatest common divisor of 28 and 448?
28
Calculate the greatest common factor of 118 and 103958.
118
Calculate the highest common factor of 622 and 2.
2
What is the greatest common divisor of 210 and 42?
42
What is the greatest common factor of 20 and 8200?
20
What is the highest common divisor of 42 and 4200?
42
What is the highest common divisor of 26 and 247?
13
Calculate the greatest common factor of 59 and 1003.
59
What is the highest common factor of 200 and 1720?
40
What is the highest common factor of 95 and 30?
5
What is the greatest common divisor of 10 and 1090?
10
Calculate the highest common factor of 57 and 12.
3
Calculate the greatest common factor of 104 and 12.
4
Calculate the greatest common factor of 714 and 567.
21
What is the greatest common factor of 75 and 120?
15
What is the greatest common factor of 17 and 6817?
17
What is the greatest common divisor of 2456 and 40?
8
What is the greatest common divisor of 60 and 324?
12
Calculate the highest common factor of 3 and 69.
3
Calculate the highest common divisor of 57 and 551.
19
What is the greatest common divisor of 240 and 780?
60
What is the highest common divisor of 238 and 126?
14
Calculate the greatest common factor of 10379 and 107.
107
Calculate the greatest common factor of 24 and 2784.
24
Calculate the highest common divisor of 1078 and 14.
14
What is the greatest common factor of 77 and 1925?
77
Calculate the greatest common divisor of 18 and 414.
18
What is the greatest common factor of 195 and 8775?
195
What is the highest common factor of 13 and 24869?
13
Calculate the greatest common divisor of 120 and 5160.
120
Calculate the highest common factor of 60 and 1950.
30
What is the highest common factor of 5148 and 52?
52
What is the greatest common factor of 180 and 120?
60
What is the greatest common factor of 51 and 901?
17
Calculate the highest common factor of 39 and 13507.
13
Calculate the greatest common factor of 76 and 38.
38
Calculate the highest common divisor of 3 and 5.
1
Calculate the highest common divisor of 35 and 595.
35
What is the highest common divisor of 2697 and 87?
87
What is the greatest common divisor of 231 and 749?
7
What is the highest common factor of 215 and 43?
43
Calculate the highest common divisor of 86 and 8.
2
What is the greatest common factor of 1 and 277?
1
Calculate the highest common factor of 142 and 23643.
71
Calculate the highest common divisor of 3816 and 212.
212
Calculate the greatest common divisor of 41 and 6109.
41
Calculate the greatest common factor of 15 and 6.
3
Calculate the greatest common divisor of 5532 and 36.
12
Calculate the highest common divisor of 10 and 3698.
2
Calculate the highest common divisor of 448 and 28.
28
What is the greatest common divisor of 891 and 33?
33
What is the greatest common divisor of 23 and 1679?
23
What is the greatest common factor of 30 and 18?
6
Calculate the greatest common divisor of 92642 and 22.
22
What is the highest common divisor of 34 and 5678?
34
What is the greatest common factor of 386 and 12?
2
What is the greatest common factor of 225 and 4825?
25
What is the highest common factor of 12 and 34?
2
What is the greatest common factor of 32 and 216?
8
Calculate the greatest common divisor of 65 and 156.
13
Calculate the highest common divisor of 13 and 195.
13
Calculate the highest common divisor of 44 and 297.
11
Calculate the greatest common factor of 1100 and 1210.
110
What is the greatest common divisor of 318 and 57?
3
Calculate the greatest common divisor of 5 and 55.
5
What is the greatest common factor of 1256 and 24?
8
Calculate the greatest common divisor of 112 and 70.
14
Calculate the greatest common divisor of 3 and 93.
3
What is the greatest common divisor of 297 and 513?
27
Calculate the greatest common divisor of 52 and 91.
13
What is the greatest common divisor of 150 and 230?
10
What is the greatest common divisor of 344 and 54180?
172
What is the highest common divisor of 230 and 5405?
115
Calculate the highest common factor of 26 and 18.
2
What is the highest common factor of 40 and 65?
5
Calculate the highest common divisor of 12 and 4.
4
Calculate the highest common divisor of 8 and 32456.
8
Calculate the highest common factor of 169 and 676.
169
Calculate the highest common factor of 1530 and 3519.
153
What is the highest common factor of 11 and 781?
11
Calculate the greatest common divisor of 910 and 945.
35
What is the greatest common factor of 3090 and 165?
15
What is the greatest common divisor of 1896 and 48?
24
Calculate the highest common factor of 16 and 1756.
4
Calculate the greatest common factor of 1683 and 765.
153
Calculate the greatest common factor of 18 and 18.
18
What is the highest common factor of 28 and 266?
14
What is the highest common factor of 658 and 141?
47
What is the greatest common factor of 286 and 242?
22
Calculate the greatest common factor of 4743 and 306.
153
What is the gre